 List the prime factors of t.
2, 3, 19
Let l(a) = 2*a**2 + 4*a + 2. Let i be l(-2). Let u be 1 + (-223*i)/2. What are the prime factors of (-6)/(-12) + u/(-4)?
2, 7
Let z(d) = 783*d - 112. What are the prime factors of z(3)?
2237
What are the prime factors of (-1 - (2 - 1))/((-3)/339)?
2, 113
Suppose 3 = h + 1. Suppose 0 = h*n - 101 + 23. What are the prime factors of (0 - n)/((-15)/10)?
2, 13
Let a be (1 - (-2)/2) + -590. Let q = -351 - a. What are the prime factors of q?
3, 79
List the prime factors of 268 + -263 - (0 + -3332 - -1).
2, 3, 139
List the prime factors of (32/10)/((-6808)/1135 - -6).
2, 227
Let w be 5*(140/(-25) + 4). Let h be 2*(-7)/(28/w). List the prime factors of 74 - h/4 - 0.
73
List the prime factors of (-7170)/(-30)*(4 - 1).
3, 239
Let c be 176/28 + 2/(-7). Let v = 38 - c. Suppose 0*f = 2*y - f - v, 0 = f + 2. List the prime factors of y.
3, 5
Let h(v) = -v**2 + 14*v - 10. Suppose -4*u - 7 = -j, -u + 4*u = 3*j - 30. Let a be h(j). Let d = a + -4. List the prime factors of d.
19
Let r be -5 + (-1 - -2) - -10. Suppose -g = 2*g - r. List the prime factors of g.
2
List the prime factors of ((-4776)/(-16))/((-5)/(-10)).
3, 199
Let k(a) = 5*a**2 - 23*a - 19. What are the prime factors of k(25)?
2531
Let j = -15 - -20. Let d = -12 + j. Let l = d + 12. List the prime factors of l.
5
List the prime factors of 5 - (17*3)/((-102)/3604).
13, 139
Let k = -57 - -554. List the prime factors of k.
7, 71
Suppose -2*x + x + 4 = 0. Suppose 2*y = -2*s - 8 + 2, -x*s + 28 = -4*y. Suppose 28 = s*b - 36. List the prime factors of b.
2
Let w be (-687)/6*(-3 - -1). Let x(c) = -5*c**2 + 38*c. Let j be x(7). Suppose 4*d = -j + w. What are the prime factors of d?
2, 13
Let f = -1907 - -2685. What are the prime factors of f?
2, 389
Let p(i) = 23*i + 0 - 1 + 2. Let c = -315 - -316. List the prime factors of p(c).
2, 3
Suppose -5*f = -6*t + 4*t + 3795, 6*f = 30. What are the prime factors of t?
2, 5, 191
Let h be -4*(0 + -2)/(-2). Let v = 5 + h. Let m(s) = 13*s. What are the prime factors of m(v)?
13
Let y be (9/3 - -3)/2. Let b(i) = 3*i - 6 - y*i - 3*i + i. List the prime factors of b(-4).
2
Let y(u) = 175*u + 125. What are the prime factors of y(10)?
3, 5
Let d(t) = t + 19. Let x be d(-9). Let y(v) = -17*v + x*v - 10 - 6. List the prime factors of y(-6).
2, 13
Let d be 14/(-49) + (-122)/14. Let h(g) = -g**2 - 9*g + 12. Let s be h(d). What are the prime factors of (-844)/(-16) - (-3)/s?
53
Suppose -4*a = 882 + 3178. List the prime factors of 2/5 + a/(-25).
41
List the prime factors of (-198)/297 + (1 - (-4954)/6).
2, 7, 59
Let b(y) = 2*y**3 - 51*y**2 + 49*y + 7. What are the prime factors of b(25)?
607
Suppose -193 = -5*i + 367. List the prime factors of -23 + i - (4 + 0).
5, 17
Suppose 9*g - 4*g + 5*q = 20, -2*g = 3*q - 10. Suppose -g*s = -4*a - 4*s + 898, -4*s + 452 = 2*a. List the prime factors of a.
2, 7
List the prime factors of (1074/5)/((-6)/(-15)).
3, 179
Let k(d) = d**3 + 7*d**2 + 4*d - 18. What are the prime factors of k(5)?
2, 151
Let v be (8/(-24))/((-176)/174 - -1). Let g = 114 + v. List the prime factors of g.
11, 13
Let h = -303 - -624. What are the prime factors of h?
3, 107
Let r be 0*(1 + -4 + 2). Suppose 2*b - b + 26 = r. What are the prime factors of (b/4)/((-12)/24)?
13
Let a be (-75)/(-12) + (-2)/8. Suppose -3*h - a = -2*o - 134, -5*h + 250 = 4*o. List the prime factors of h.
2, 23
Let n(a) = -a**2 - 4*a - 2. Let x be n(-4). List the prime factors of x/8 + 1788/48.
37
Let y(j) = -j**2 + 18*j + 23. Suppose 0 = -2*s - 6 + 44. Let l be y(s). Suppose -l*f = -2*f - 30. What are the prime factors of f?
3, 5
Suppose 0 = 146*s - 140*s - 4872. What are the prime factors of s?
2, 7, 29
Let c = 9 + -9. Suppose -2*h = -c*h - 120. List the prime factors of h.
2, 3, 5
Let x = -45 + 30. List the prime factors of 2/(-5) - 531/x.
5, 7
Suppose -2*q + 4*n = 18, -3*q - n - 61 = -6. Let y(t) = -t**3 + 15*t**2 + 18*t - 60. Let p be y(16). Let x = q - p. List the prime factors of x.
11
Suppose -783 - 24195 = -23*q. What are the prime factors of q?
2, 3, 181
Let n = -156 + 613. List the prime factors of n.
457
Let q(r) = r**3 - 14*r**2 - 15*r - 6. Let n be q(15). Let d be 4/(-6) - 16/n. Suppose 3*b - z - 27 = -4, -2*z + d = 0. List the prime factors of b.
2
Let o = 19 - 32. List the prime factors of (-100)/(-2) + (-13 - o).
2, 5
List the prime factors of (6 - (-14 + 1))*(0 - -52).
2, 13, 19
Let a = -90 + 96. Suppose 0 = 5*w - 64 + 244. What are the prime factors of ((-4)/a)/(2/w)?
2, 3
Suppose -10*n + 693 + 2257 = 0. Suppose 0*f + f - 2*u = 140, u = 2*f - n. List the prime factors of f.
2, 3, 5
Let x = 271 - -14. Suppose 4*f + 4*q + 479 = 9*f, -3*q = -3*f + x. Suppose f = 2*o + o. List the prime factors of o.
3, 11
Let t = 480 + 169. List the prime factors of t.
11, 59
What are the prime factors of (4 + -2 + 39)*(2 - -1)?
3, 41
Suppose -39*l - 36 = -41*l. Let b = 24 - l. List the prime factors of b.
2, 3
Suppose -8*n + 1308 = -628. List the prime factors of n.
2, 11
Suppose -25 = -5*j, 3*d + 49 = 2*j + 12. Let b(q) = q**3 + 7*q**2 - 20*q - 12. Let m be b(d). What are the prime factors of 1120/24 + (-4)/m?
2, 23
Let g(x) = 4*x**3 - 6*x**2 - 9*x + 12. What are the prime factors of g(5)?
317
List the prime factors of 5022/36 + 2/(-4).
139
Let j(k) = 51*k - 5. Let i be j(4). Suppose -4*l - 3*q = -405, 3*l - 5*q = 5*l - i. Suppose -4*h + l = -h. List the prime factors of h.
2, 17
Let w be (2/(-3))/(-1)*3. Suppose -1 + 3 = w*m. List the prime factors of (m - 6)/((-1)/3).
3, 5
Let b(l) = -37*l + 2*l**2 - 2 + 19*l + 20*l. Let g be b(1). Suppose -6 = -g*c + 22. What are the prime factors of c?
2, 7
Let y = 1258 - 191. What are the prime factors of y?
11, 97
Suppose 0*s + 3*s - 265 = -2*n, 3*s - 4*n = 271. Suppose 2*p - 3*p + s = 0. What are the prime factors of p?
89
What are the prime factors of 2/15 + (0 - (-66976)/105)?
2, 11, 29
Let z(c) be the second derivative of -c**2 + 0 - c + 1/2*c**4 - 4/3*c**3. List the prime factors of z(-3).
2, 19
Suppose 5*d = 2*u + 411, 4*d + u + 247 = 7*d. Suppose -g - 9 = -d. List the prime factors of g.
2, 37
Let n = 7917 + -4607. What are the prime factors of n?
2, 5, 331
Let t(o) = 3*o**2 + 10*o - 9. Let b(c) = c + 9. Let w be b(-15). What are the prime factors of t(w)?
3, 13
Let y(a) = a**3 - 15*a**2 - a + 20. Let u be y(15). Suppose -u*j = -2*j - 156. What are the prime factors of j?
2, 13
Let k be (1/(-3))/((-3)/36). Suppose -3*i - 1 - 3 = -4*q, -3*q + 28 = k*i. Suppose q*s - 46 = 126. What are the prime factors of s?
43
Let g(q) = q**3 + 3*q**2 + 4*q + 3. Let o be g(-2). Let c be (-11)/(o - 1 - -1). List the prime factors of 1 + -3 + 1 + c.
2, 5
List the prime factors of ((-628)/8)/(-2*(-3)/(-24)).
2, 157
Let a = 30 - 29. Let s = 3 - a. Suppose -s*g - 132 = -2*d - 6*g, -g = -4*d + 300. What are the prime factors of d?
2, 37
Let a = -100 - -215. Let y = -41 - 36. Let o = a + y. What are the prime factors of o?
2, 19
Suppose 5*k + 8*k = 4264. What are the prime factors of k?
2, 41
Suppose -1570 = -2*t - 4*c, -4*c - 664 = 3*t - 3027. What are the prime factors of t?
13, 61
Let b be (-2 + 35)*64/6. Let j = 518 - b. List the prime factors of j.
2, 83
Let d = 226 - 163. What are the prime factors of d?
3, 7
Let x(f) = f**2 + 16. Let y be x(0). Let s be (-63)/(-8) + (-5)/(-40). Suppose -4*m + 56 = -2*r + y, -m = -5*r + s. What are the prime factors of m?
2, 3
Let v(p) = -3*p - 5. Let s be v(-3). Suppose m - 163 = -3*t + 3*m, 5*t - s*m - 271 = 0. What are the prime factors of t?
5, 11
Let o(s) = -s**3 - 5*s**2 + 4*s - 6. Suppose 2*m + 20 = m. Let a be (-2)/(-8) + 125/m. List the prime factors of o(a).
2, 3
Let b(l) = 3*l**3 - 4*l**2 + 3*l. Let x be b(2). Suppose 5*d - k + 34 = 0, d - 4*k = 6*d + x. Let r(p) = -9*p - 15. What are the prime factors of r(d)?
3, 13
Let m(k) be the first derivative of k**3/3 - 5*k**2 + 12*k - 4. Let y be m(7). Let n = y - -52. What are the prime factors of n?
43
List the prime factors of (2890 + 29)*6*3/9.
2, 3, 7, 139
Let c(g) = -4*g - 11. Let o(f) = f**3 - 14*f**2 + 12*f + 18. Let z be o(13). Suppose z*q + 9 = 4*q. List the prime factors of c(q).
5
Suppose j - 63 = 5*h, -3*j - 24 - 27 = 5*h. Let i = 27 + h. Let s = i + -13. List the prime factors of s.
2
Let p(n) = 581*n**2 + 7*n - 5. List the p